NOAA-Style Climate Reports
Select a Year or Month report
2024: Jan Feb Mar Apr May Jun Jul Aug Sep Oct Nov Dec
2023: Jan Feb Mar Apr May Jun Jul Aug Sep Oct Nov Dec
2022: Jan Feb Mar Apr May Jun Jul Aug Sep Oct Nov Dec
2021: Jan Feb Mar Apr May Jun Jul Aug Sep Oct Nov Dec
2020: Jan Feb Mar Apr May Jun Jul Aug Sep Oct Nov Dec
2019: Jan Feb Mar Apr May Jun Jul Aug Sep Oct Nov Dec
2018: Jan Feb Mar Apr May Jun Jul Aug Sep Oct Nov Dec
2024: Jan Feb Mar Apr May Jun Jul Aug Sep Oct Nov Dec
2023: Jan Feb Mar Apr May Jun Jul Aug Sep Oct Nov Dec
2022: Jan Feb Mar Apr May Jun Jul Aug Sep Oct Nov Dec
2021: Jan Feb Mar Apr May Jun Jul Aug Sep Oct Nov Dec
2020: Jan Feb Mar Apr May Jun Jul Aug Sep Oct Nov Dec
2019: Jan Feb Mar Apr May Jun Jul Aug Sep Oct Nov Dec
2018: Jan Feb Mar Apr May Jun Jul Aug Sep Oct Nov Dec
Report for 2023 August
Daily noaa report MONTHLY CLIMATOLOGICAL SUMMARY for AUG. 2023 NAME: CITY: STATE: ELEV: LAT: LONG: TEMPERATURE ( °F), RAIN (in.), WIND SPEED (mph) HEAT COOL AVG MEAN DEG DEG WIND DOM DAY TEMP HIGH TIME LOW TIME DAYS DAYS RAIN SPEED HIGH TIME DIR -------------------------------------------------------------------------------------------------------- 01 68.1 080.2 18:34 57.2 07:37 00.0 03.1 00.01 00.9 10.3 12:12 NE 02 69.2 081.5 17:19 57.1 07:24 00.0 04.2 00.02 01.0 09.2 12:47 E 03 73.0 083.6 18:15 63.8 07:02 00.0 08.0 00.00 00.8 09.2 16:04 NW 04 73.7 085.4 18:31 61.6 06:33 00.0 08.8 00.00 00.7 06.9 14:03 NNW 05 73.7 082.3 18:26 64.7 03:43 00.0 08.8 00.00 02.0 14.9 17:18 ESE 06 73.9 079.2 17:11 67.3 00:00 00.0 09.0 00.00 02.3 20.7 11:02 SW 07 69.1 075.2 15:21 64.1 23:59 00.0 04.2 01.12 02.2 16.1 16:40 W 08 69.1 079.7 17:46 61.2 07:35 00.0 04.1 00.01 01.2 11.5 15:57 WSW 09 70.2 078.6 16:06 63.4 06:49 00.0 05.3 00.04 01.5 14.9 13:04 SW 10 70.0 078.5 16:52 65.0 05:53 00.0 05.1 00.03 01.6 12.7 14:48 W 11 72.5 082.5 17:42 63.2 07:00 00.0 07.6 00.03 01.4 11.5 16:41 SW 12 75.9 084.7 18:12 69.2 10:42 00.0 11.0 00.59 02.3 20.7 10:26 SW 13 72.3 083.5 16:59 59.9 07:01 00.0 07.4 00.00 00.7 09.2 12:53 WNW 14 71.4 078.6 18:05 67.1 10:12 00.0 06.5 01.13 01.0 11.5 20:27 WSW 15 65.8 069.4 00:44 62.1 07:53 00.0 00.8 00.01 02.8 18.4 12:09 W 16 67.9 077.4 15:33 58.9 07:19 00.0 03.0 00.00 01.0 08.1 09:14 NNW 17 67.2 076.7 15:09 60.1 05:50 00.0 02.2 00.27 02.2 18.4 11:40 SW 18 64.6 074.0 18:09 56.5 07:35 00.3 00.0 00.01 01.6 11.5 14:03 NNW 19 65.9 080.0 16:37 53.1 06:57 00.0 01.0 00.00 00.7 08.1 15:23 WSW 20 73.7 088.4 17:50 59.5 06:36 00.0 08.8 00.00 00.9 10.3 13:02 SW 21 80.2 090.3 18:03 71.6 07:19 00.0 15.2 00.00 00.7 08.1 12:05 NNW 22 75.8 084.3 17:36 68.3 07:49 00.0 10.9 00.00 01.0 09.2 15:57 N 23 76.3 088.0 16:48 63.7 07:40 00.0 11.3 00.00 01.3 11.5 16:00 WSW 24 78.7 087.3 17:36 68.5 09:30 00.0 13.7 00.71 02.8 21.9 07:39 S 25 81.9 088.7 15:10 75.0 00:00 00.0 16.9 00.00 02.0 11.5 17:42 W 26 75.8 083.6 15:02 69.4 00:00 00.0 10.9 00.01 01.4 12.7 18:16 NNW 27 69.0 077.7 16:46 63.3 08:33 00.0 04.1 00.00 02.0 10.3 19:10 N 28 66.0 077.5 17:12 55.9 07:26 00.0 01.1 00.00 01.8 10.3 12:27 N 29 64.8 079.1 17:55 52.5 07:35 00.2 00.0 00.00 00.9 09.2 16:36 NNW 30 63.3 069.1 14:32 54.8 23:50 01.7 00.0 00.00 02.7 13.8 09:24 N 31 61.5 074.7 18:04 50.5 06:17 03.4 00.0 00.00 01.3 14.9 10:43 NNE -------------------------------------------------------------------------------------------------------- 71.0 (71.4) 90.3 day 21 50.5 day 31 005.6 192.8 03.95 01.5 21.9 day 24 WNW Max > 86: 5 Min < 86: 31 Max Rain: 1.13 ON 14-08-23 Days of Rain: 14 (> .008in) 5 (> .08in) 2 (> 0.8in)