NOAA-Style Climate Reports
Select a Year or Month report
2024: Jan Feb Mar Apr May Jun Jul Aug Sep Oct Nov Dec
2023: Jan Feb Mar Apr May Jun Jul Aug Sep Oct Nov Dec
2022: Jan Feb Mar Apr May Jun Jul Aug Sep Oct Nov Dec
2021: Jan Feb Mar Apr May Jun Jul Aug Sep Oct Nov Dec
2020: Jan Feb Mar Apr May Jun Jul Aug Sep Oct Nov Dec
2019: Jan Feb Mar Apr May Jun Jul Aug Sep Oct Nov Dec
2018: Jan Feb Mar Apr May Jun Jul Aug Sep Oct Nov Dec
2024: Jan Feb Mar Apr May Jun Jul Aug Sep Oct Nov Dec
2023: Jan Feb Mar Apr May Jun Jul Aug Sep Oct Nov Dec
2022: Jan Feb Mar Apr May Jun Jul Aug Sep Oct Nov Dec
2021: Jan Feb Mar Apr May Jun Jul Aug Sep Oct Nov Dec
2020: Jan Feb Mar Apr May Jun Jul Aug Sep Oct Nov Dec
2019: Jan Feb Mar Apr May Jun Jul Aug Sep Oct Nov Dec
2018: Jan Feb Mar Apr May Jun Jul Aug Sep Oct Nov Dec
Report for 2023 June
Daily noaa report MONTHLY CLIMATOLOGICAL SUMMARY for JUN. 2023 NAME: CITY: STATE: ELEV: LAT: LONG: TEMPERATURE ( °F), RAIN (in.), WIND SPEED (mph) HEAT COOL AVG MEAN DEG DEG WIND DOM DAY TEMP HIGH TIME LOW TIME DAYS DAYS RAIN SPEED HIGH TIME DIR -------------------------------------------------------------------------------------------------------- 01 73.0 085.7 17:51 58.5 06:02 00.0 08.1 00.00 00.0 11.5 15:02 E 02 73.3 089.0 18:18 53.8 05:28 00.0 08.4 00.00 00.0 08.1 14:14 NNW 03 74.7 089.7 16:52 58.1 06:36 00.0 09.7 00.00 00.0 05.8 19:04 NNW 04 71.6 083.3 19:17 59.8 07:29 00.0 06.7 00.00 00.0 03.5 16:51 NNW 05 66.2 079.8 16:43 52.8 07:05 00.0 01.3 00.00 00.0 06.9 15:20 NW 06 66.8 082.5 15:46 48.9 06:43 00.0 01.8 00.00 00.8 18.4 21:00 WNW 07 64.0 074.2 17:43 53.4 00:00 01.0 00.0 00.01 00.0 09.2 14:36 NNW 08 61.2 074.3 16:55 47.4 07:04 03.7 00.0 00.00 00.0 09.2 17:10 N 09 63.1 077.4 16:35 46.8 06:33 01.9 00.0 00.00 00.1 10.3 18:13 NW 10 67.0 081.7 17:54 49.5 07:06 00.0 02.1 00.00 00.1 11.5 14:41 W 11 63.5 077.6 17:19 56.7 04:00 01.4 00.0 00.55 00.2 14.9 22:23 SW 12 59.0 065.6 18:08 51.3 23:49 06.0 00.0 00.24 00.6 14.9 17:09 NW 14 61.0 070.9 17:20 51.9 00:07 04.0 00.0 00.06 02.3 21.9 12:44 SW 15 68.9 081.2 15:44 54.9 06:50 00.0 04.0 00.05 00.1 11.5 15:53 W 16 61.7 071.6 00:04 52.4 07:46 03.3 00.0 00.01 00.0 11.5 07:03 NNW 17 64.7 077.6 18:20 52.5 07:06 00.3 00.0 00.13 00.0 08.1 14:23 NNW 18 68.4 079.7 17:13 54.1 06:43 00.0 03.4 00.00 00.0 09.2 15:40 ENE 19 66.9 069.6 01:01 63.8 05:57 00.0 02.0 00.22 00.0 02.3 23:15 NE 20 68.8 076.2 14:44 64.2 21:09 00.0 03.9 00.05 00.0 05.8 20:26 NE 21 72.4 080.9 16:36 65.2 06:46 00.0 07.5 00.01 00.0 05.8 16:40 ENE 22 65.3 069.4 17:47 60.4 06:43 00.0 00.4 00.00 00.0 03.5 13:28 NE 23 67.9 077.9 17:40 62.5 06:53 00.0 03.0 00.00 00.0 09.2 15:23 NW 24 74.1 085.1 19:40 66.1 07:01 00.0 09.2 00.00 00.3 14.9 13:11 W 25 72.3 084.6 16:12 65.8 05:08 00.0 07.3 00.14 00.8 14.9 15:56 SSW 26 70.9 078.5 18:33 64.3 00:00 00.0 06.0 00.03 01.7 19.6 18:50 WSW 27 66.3 072.2 15:36 60.9 00:00 00.0 01.4 00.01 00.6 13.8 13:22 WNW 28 68.7 081.0 17:07 56.1 06:41 00.0 03.8 00.00 00.0 04.6 19:06 NW 29 70.0 082.9 16:17 61.8 03:41 00.0 05.0 00.10 00.4 19.6 20:26 SSW 30 74.9 086.1 17:29 65.1 06:46 00.0 10.0 00.09 00.1 10.3 10:58 SSW -------------------------------------------------------------------------------------------------------- 67.8 (68.0) 89.7 day 03 46.8 day 09 021.4 104.8 01.69 00.3 21.9 day 29 WNW Max > 86: 3 Min < 86: 29 Max Rain: 0.55 ON 11-06-23 Days of Rain: 15 (> .008in) 7 (> .08in) 0 (> 0.8in)