NOAA-Style Climate Reports
Select a Year or Month report
2024: Jan Feb Mar Apr May Jun Jul Aug Sep Oct Nov Dec
2023: Jan Feb Mar Apr May Jun Jul Aug Sep Oct Nov Dec
2022: Jan Feb Mar Apr May Jun Jul Aug Sep Oct Nov Dec
2021: Jan Feb Mar Apr May Jun Jul Aug Sep Oct Nov Dec
2020: Jan Feb Mar Apr May Jun Jul Aug Sep Oct Nov Dec
2019: Jan Feb Mar Apr May Jun Jul Aug Sep Oct Nov Dec
2018: Jan Feb Mar Apr May Jun Jul Aug Sep Oct Nov Dec
2024: Jan Feb Mar Apr May Jun Jul Aug Sep Oct Nov Dec
2023: Jan Feb Mar Apr May Jun Jul Aug Sep Oct Nov Dec
2022: Jan Feb Mar Apr May Jun Jul Aug Sep Oct Nov Dec
2021: Jan Feb Mar Apr May Jun Jul Aug Sep Oct Nov Dec
2020: Jan Feb Mar Apr May Jun Jul Aug Sep Oct Nov Dec
2019: Jan Feb Mar Apr May Jun Jul Aug Sep Oct Nov Dec
2018: Jan Feb Mar Apr May Jun Jul Aug Sep Oct Nov Dec
Report for 2022 November
Daily noaa report MONTHLY CLIMATOLOGICAL SUMMARY for NOV. 2022 NAME: CITY: STATE: ELEV: LAT: LONG: TEMPERATURE ( °F), RAIN (in.), WIND SPEED (mph) HEAT COOL AVG MEAN DEG DEG WIND DOM DAY TEMP HIGH TIME LOW TIME DAYS DAYS RAIN SPEED HIGH TIME DIR -------------------------------------------------------------------------------------------------------- 01 57.2 066.3 17:58 48.7 23:21 07.7 00.0 00.00 00.0 03.5 15:11 W 02 52.8 062.8 16:48 44.8 08:29 12.2 00.0 00.00 00.2 06.9 17:48 S 03 56.1 070.1 16:14 43.9 08:07 08.8 00.0 00.00 00.5 11.5 14:37 SSE 04 61.7 074.3 16:27 49.9 06:47 03.2 00.0 00.00 02.2 18.4 12:56 SSW 05 64.7 071.7 16:11 60.1 04:29 00.2 00.0 00.00 04.0 21.9 13:57 SSW 06 57.2 069.1 16:07 45.4 07:30 07.8 00.0 00.00 00.5 16.1 13:40 WSW 07 51.7 064.5 14:59 42.4 06:31 13.3 00.0 00.00 00.4 11.5 09:59 NNE 08 49.0 059.1 15:36 41.3 07:25 15.9 00.0 00.00 01.9 16.1 13:42 E 09 53.9 071.3 14:42 38.1 05:56 11.0 00.0 00.00 01.0 10.3 09:43 SSE 10 58.3 071.1 14:15 47.0 07:39 06.6 00.0 00.00 00.6 10.3 13:22 S 11 54.0 060.6 16:00 41.9 00:00 11.0 00.0 00.20 00.4 14.9 17:04 NNW -------------------------------------------------------------------------------------------------------- 56.1 (56.6) 74.3 day 04 38.1 day 09 097.8 000.0 00.20 01.1 21.9 day 05 S Min < 86: 11 Max Rain: 0.20 ON 11-11-22 Days of Rain: 1 (> .008in) 1 (> .08in) 0 (> 0.8in)