NOAA-Style Climate Reports
Select a Year or Month report
2024: Jan Feb Mar Apr May Jun Jul Aug Sep Oct Nov Dec
2023: Jan Feb Mar Apr May Jun Jul Aug Sep Oct Nov Dec
2022: Jan Feb Mar Apr May Jun Jul Aug Sep Oct Nov Dec
2021: Jan Feb Mar Apr May Jun Jul Aug Sep Oct Nov Dec
2020: Jan Feb Mar Apr May Jun Jul Aug Sep Oct Nov Dec
2019: Jan Feb Mar Apr May Jun Jul Aug Sep Oct Nov Dec
2018: Jan Feb Mar Apr May Jun Jul Aug Sep Oct Nov Dec
2024: Jan Feb Mar Apr May Jun Jul Aug Sep Oct Nov Dec
2023: Jan Feb Mar Apr May Jun Jul Aug Sep Oct Nov Dec
2022: Jan Feb Mar Apr May Jun Jul Aug Sep Oct Nov Dec
2021: Jan Feb Mar Apr May Jun Jul Aug Sep Oct Nov Dec
2020: Jan Feb Mar Apr May Jun Jul Aug Sep Oct Nov Dec
2019: Jan Feb Mar Apr May Jun Jul Aug Sep Oct Nov Dec
2018: Jan Feb Mar Apr May Jun Jul Aug Sep Oct Nov Dec
Report for 2022 May
Daily noaa report MONTHLY CLIMATOLOGICAL SUMMARY for MAY. 2022 NAME: CITY: STATE: ELEV: LAT: LONG: TEMPERATURE ( °F), RAIN (in.), WIND SPEED (mph) HEAT COOL AVG MEAN DEG DEG WIND DOM DAY TEMP HIGH TIME LOW TIME DAYS DAYS RAIN SPEED HIGH TIME DIR -------------------------------------------------------------------------------------------------------- 01 64.9 071.5 16:13 53.5 00:00 00.1 00.0 00.00 01.6 21.9 17:37 SW 02 57.3 069.5 16:16 43.4 07:10 07.7 00.0 00.00 01.5 13.8 12:39 WSW 03 64.0 076.2 14:08 55.6 07:37 00.9 00.0 00.15 02.1 19.6 17:12 SSW 04 54.0 059.6 00:03 49.4 07:38 11.0 00.0 00.02 00.5 11.5 06:57 NW 05 54.4 058.9 14:55 51.0 06:51 10.6 00.0 00.02 00.0 08.1 13:37 ENE 06 59.2 069.6 15:17 51.9 00:00 05.7 00.0 00.02 00.2 11.5 22:39 NE 07 54.4 061.6 17:42 49.0 05:52 10.5 00.0 00.01 01.0 19.6 10:39 N 08 56.4 067.6 15:56 44.9 05:33 08.6 00.0 00.19 00.0 08.1 16:40 ENE 09 63.5 075.6 17:50 49.7 05:24 01.4 00.0 00.21 00.8 17.3 16:08 ESE 10 69.9 082.3 17:29 57.1 06:43 00.0 04.9 00.00 00.5 11.5 14:39 SE 11 74.6 084.3 17:45 66.6 05:44 00.0 09.6 00.00 00.0 02.3 22:20 E 12 69.1 083.2 16:35 53.5 06:13 00.0 04.2 00.00 00.0 09.2 13:33 ENE 13 71.2 081.8 17:02 60.2 06:25 00.0 06.3 00.00 00.2 09.2 13:01 ESE 14 69.7 083.1 16:22 59.5 00:00 00.0 04.8 00.44 00.5 19.6 18:04 SE 15 69.5 084.8 16:26 55.9 07:31 00.0 04.5 00.10 00.0 05.8 14:37 SW 16 63.8 074.4 18:14 55.6 07:52 01.1 00.0 00.32 01.4 14.9 13:46 WNW 17 66.4 078.5 15:10 52.9 06:53 00.0 01.5 00.00 00.8 17.3 13:31 W 18 62.6 071.4 12:33 55.9 02:01 02.4 00.0 00.02 00.3 16.1 12:33 SSW -------------------------------------------------------------------------------------------------------- 63.6 (63.9) 84.8 day 15 43.4 day 02 060.0 035.9 01.50 00.6 21.9 day 14 SSW Min < 86: 18 Max Rain: 0.44 ON 14-05-22 Days of Rain: 11 (> .008in) 6 (> .08in) 0 (> 0.8in)