NOAA-Style Climate Reports
Select a Year or Month report
2024: Jan Feb Mar Apr May Jun Jul Aug Sep Oct Nov Dec
2023: Jan Feb Mar Apr May Jun Jul Aug Sep Oct Nov Dec
2022: Jan Feb Mar Apr May Jun Jul Aug Sep Oct Nov Dec
2021: Jan Feb Mar Apr May Jun Jul Aug Sep Oct Nov Dec
2020: Jan Feb Mar Apr May Jun Jul Aug Sep Oct Nov Dec
2019: Jan Feb Mar Apr May Jun Jul Aug Sep Oct Nov Dec
2018: Jan Feb Mar Apr May Jun Jul Aug Sep Oct Nov Dec
2024: Jan Feb Mar Apr May Jun Jul Aug Sep Oct Nov Dec
2023: Jan Feb Mar Apr May Jun Jul Aug Sep Oct Nov Dec
2022: Jan Feb Mar Apr May Jun Jul Aug Sep Oct Nov Dec
2021: Jan Feb Mar Apr May Jun Jul Aug Sep Oct Nov Dec
2020: Jan Feb Mar Apr May Jun Jul Aug Sep Oct Nov Dec
2019: Jan Feb Mar Apr May Jun Jul Aug Sep Oct Nov Dec
2018: Jan Feb Mar Apr May Jun Jul Aug Sep Oct Nov Dec
Report for 2021 September
Daily noaa report MONTHLY CLIMATOLOGICAL SUMMARY for SEP. 2021 NAME: CITY: STATE: ELEV: LAT: LONG: TEMPERATURE ( °F), RAIN (in.), WIND SPEED (mph) HEAT COOL AVG MEAN DEG DEG WIND DOM DAY TEMP HIGH TIME LOW TIME DAYS DAYS RAIN SPEED HIGH TIME DIR -------------------------------------------------------------------------------------------------------- 01 69.1 076.4 17:38 61.3 00:00 00.0 04.2 00.02 04.6 18.4 11:50 N 02 65.2 076.9 17:42 55.2 05:47 00.0 00.2 00.00 01.2 10.3 15:07 NNE 03 66.2 076.3 16:56 54.6 07:36 00.0 01.2 00.00 01.5 10.3 14:56 E 04 67.9 075.5 12:48 61.3 06:38 00.0 03.0 00.00 01.4 13.8 23:30 SSW 05 69.4 076.7 16:05 59.4 00:00 00.0 04.5 00.04 02.6 16.1 00:18 NW 06 68.4 080.9 16:42 55.0 06:52 00.0 03.4 00.00 01.8 12.7 17:37 WSW 07 72.9 081.9 16:54 64.5 07:47 00.0 08.0 00.00 02.9 13.8 11:58 SW 08 70.0 079.1 17:30 58.1 00:00 00.0 05.1 00.00 02.9 18.4 01:52 W 09 62.8 074.0 15:52 52.7 07:34 02.2 00.0 00.00 01.5 14.9 13:56 NW 10 62.7 076.8 17:20 49.7 07:41 02.3 00.0 00.00 00.6 06.9 14:55 NW 11 67.3 079.5 16:54 55.4 05:52 00.0 02.4 00.00 02.5 17.3 13:34 SSW 12 74.6 084.1 15:35 67.4 07:47 00.0 09.7 00.00 04.9 18.4 09:09 SSW 13 73.6 083.4 16:53 65.2 04:54 00.0 08.6 00.00 02.2 13.8 16:23 SW 14 76.1 085.7 16:42 68.1 00:05 00.0 11.1 00.00 02.8 21.9 16:00 SSW 15 68.6 075.5 00:21 59.6 00:00 00.0 03.6 00.68 01.9 18.4 01:24 NNW 16 65.9 077.3 18:16 57.4 03:18 00.0 01.0 00.00 01.0 10.3 13:24 NE 17 71.8 086.0 17:22 59.3 07:47 00.0 06.9 00.00 00.6 08.1 15:07 E 18 73.9 087.4 16:42 63.6 07:51 00.0 09.0 00.00 00.8 10.3 14:16 N 19 72.3 084.6 16:17 63.4 07:19 00.0 07.4 00.00 01.3 12.7 13:06 E 20 68.3 070.0 00:06 66.0 00:00 00.0 03.4 01.18 02.1 13.8 18:46 SSE 21 67.8 071.5 16:23 64.4 02:56 00.0 02.8 00.07 01.4 12.7 12:37 SSE 22 55.9 068.7 00:55 51.2 00:00 09.1 00.0 01.69 05.4 21.9 05:20 NNW 23 54.5 063.6 18:14 48.3 23:55 10.5 00.0 00.10 02.6 17.3 16:15 W 24 57.8 072.3 16:44 46.2 06:52 07.1 00.0 00.00 01.6 11.5 16:00 SW 25 58.8 067.1 16:40 50.0 23:51 06.1 00.0 00.00 02.3 16.1 16:19 W 26 59.9 073.6 16:47 47.4 07:49 05.0 00.0 00.00 01.9 11.5 16:09 SW 27 69.5 082.5 15:50 57.7 07:21 00.0 04.6 00.00 04.1 19.6 15:31 SSW -------------------------------------------------------------------------------------------------------- 67.1 (67.6) 87.4 day 18 46.2 day 24 042.3 100.0 03.78 02.2 21.9 day 22 WSW Max > 86: 2 Min < 86: 27 Max Rain: 1.69 ON 22-09-21 Days of Rain: 7 (> .008in) 4 (> .08in) 2 (> 0.8in)