NOAA-Style Climate Reports
Select a Year or Month report
2024: Jan Feb Mar Apr May Jun Jul Aug Sep Oct Nov Dec
2023: Jan Feb Mar Apr May Jun Jul Aug Sep Oct Nov Dec
2022: Jan Feb Mar Apr May Jun Jul Aug Sep Oct Nov Dec
2021: Jan Feb Mar Apr May Jun Jul Aug Sep Oct Nov Dec
2020: Jan Feb Mar Apr May Jun Jul Aug Sep Oct Nov Dec
2019: Jan Feb Mar Apr May Jun Jul Aug Sep Oct Nov Dec
2018: Jan Feb Mar Apr May Jun Jul Aug Sep Oct Nov Dec
2024: Jan Feb Mar Apr May Jun Jul Aug Sep Oct Nov Dec
2023: Jan Feb Mar Apr May Jun Jul Aug Sep Oct Nov Dec
2022: Jan Feb Mar Apr May Jun Jul Aug Sep Oct Nov Dec
2021: Jan Feb Mar Apr May Jun Jul Aug Sep Oct Nov Dec
2020: Jan Feb Mar Apr May Jun Jul Aug Sep Oct Nov Dec
2019: Jan Feb Mar Apr May Jun Jul Aug Sep Oct Nov Dec
2018: Jan Feb Mar Apr May Jun Jul Aug Sep Oct Nov Dec
Report for 2021 May
Daily noaa report MONTHLY CLIMATOLOGICAL SUMMARY for MAY. 2021 NAME: CITY: STATE: ELEV: LAT: LONG: TEMPERATURE ( °F), RAIN (in.), WIND SPEED (mph) HEAT COOL AVG MEAN DEG DEG WIND DOM DAY TEMP HIGH TIME LOW TIME DAYS DAYS RAIN SPEED HIGH TIME DIR -------------------------------------------------------------------------------------------------------- 01 53.2 069.8 18:24 33.0 07:01 11.7 00.0 00.00 02.7 18.4 16:18 SSW 02 65.4 075.7 13:37 57.6 00:00 00.0 00.4 00.03 02.5 24.1 13:18 SW 03 62.5 070.0 17:48 56.0 02:55 02.4 00.0 00.55 01.9 13.8 17:30 SSW 04 61.5 066.1 14:23 54.1 00:00 03.4 00.0 00.40 02.0 19.6 10:10 NNW 05 52.5 059.5 17:20 46.3 23:50 12.5 00.0 00.06 03.6 18.4 12:00 N 06 48.6 060.5 13:56 36.1 06:53 16.4 00.0 00.05 00.9 11.5 21:13 WNW 07 48.6 060.7 16:24 38.6 07:11 16.3 00.0 00.06 02.2 17.3 16:41 WNW 08 47.5 058.0 17:41 35.1 07:14 17.5 00.0 00.14 01.3 11.5 17:03 N 09 47.3 061.5 14:52 41.8 00:00 17.6 00.0 00.33 05.4 21.9 15:22 E 10 47.4 058.5 17:35 34.5 06:38 17.5 00.0 00.73 00.9 10.3 15:41 NNE 11 49.2 056.4 16:34 42.2 00:00 15.8 00.0 00.02 02.4 16.1 08:58 NNE 12 50.5 061.2 17:39 38.6 06:46 14.4 00.0 00.00 02.3 17.3 15:32 NNE 13 51.8 064.8 18:37 35.7 06:57 13.1 00.0 00.00 01.2 20.7 15:12 NE 14 54.8 069.1 17:51 38.3 07:07 10.2 00.0 00.00 00.5 13.8 15:04 NE 15 57.9 069.9 17:00 40.8 07:06 07.1 00.0 00.00 00.9 12.7 13:09 SE 16 60.6 068.4 16:54 53.4 08:40 04.3 00.0 00.01 00.7 11.5 13:21 SE 17 57.9 062.2 17:11 54.8 07:55 07.1 00.0 00.73 02.8 16.1 11:36 ESE 18 64.4 076.4 16:53 56.9 01:52 00.6 00.0 00.01 03.2 14.9 16:46 ESE 19 69.3 079.1 16:17 58.1 06:28 00.0 04.3 00.00 01.3 14.9 12:49 SSE 20 71.8 083.2 16:52 60.2 06:58 00.0 06.9 00.00 01.0 11.5 18:19 SSE 21 71.5 082.5 17:45 60.4 05:40 00.0 06.6 00.00 01.3 12.7 09:31 SW 22 69.8 082.5 17:34 55.1 06:13 00.0 04.9 00.00 00.5 10.3 17:53 SW 23 71.8 082.9 16:07 59.7 05:27 00.0 06.9 00.00 00.9 13.8 11:55 NW 24 74.1 086.1 17:56 62.0 05:44 00.0 09.2 00.00 00.7 11.5 14:13 W 25 75.2 085.4 17:34 64.3 04:49 00.0 10.2 00.00 01.5 16.1 17:17 SW 26 70.5 075.1 09:58 66.5 13:00 00.0 05.5 00.29 01.6 14.9 09:35 SW 27 70.5 078.5 16:44 64.7 07:30 00.0 05.6 00.02 00.7 11.5 13:47 SSW 28 60.8 069.3 01:02 47.3 23:58 04.2 00.0 01.20 02.2 19.6 18:39 NNE 29 49.3 056.5 18:20 45.1 09:01 15.7 00.0 00.00 03.5 17.3 08:00 NNE 30 52.0 062.4 18:57 39.9 05:27 13.0 00.0 00.00 01.6 11.5 18:06 NE 31 58.3 071.3 17:51 44.4 05:36 06.6 00.0 00.00 01.0 18.4 15:12 SE -------------------------------------------------------------------------------------------------------- 59.6 (59.4) 86.1 day 24 33.0 day 01 227.2 060.6 04.63 01.8 24.2 day 09 E Max > 86: 1 Min < 86: 31 Max Rain: 1.20 ON 28-05-21 Days of Rain: 16 (> .008in) 8 (> .08in) 1 (> 0.8in)