NOAA-Style Climate Reports
Select a Year or Month report
2024: Jan Feb Mar Apr May Jun Jul Aug Sep Oct Nov Dec
2023: Jan Feb Mar Apr May Jun Jul Aug Sep Oct Nov Dec
2022: Jan Feb Mar Apr May Jun Jul Aug Sep Oct Nov Dec
2021: Jan Feb Mar Apr May Jun Jul Aug Sep Oct Nov Dec
2020: Jan Feb Mar Apr May Jun Jul Aug Sep Oct Nov Dec
2019: Jan Feb Mar Apr May Jun Jul Aug Sep Oct Nov Dec
2018: Jan Feb Mar Apr May Jun Jul Aug Sep Oct Nov Dec
2024: Jan Feb Mar Apr May Jun Jul Aug Sep Oct Nov Dec
2023: Jan Feb Mar Apr May Jun Jul Aug Sep Oct Nov Dec
2022: Jan Feb Mar Apr May Jun Jul Aug Sep Oct Nov Dec
2021: Jan Feb Mar Apr May Jun Jul Aug Sep Oct Nov Dec
2020: Jan Feb Mar Apr May Jun Jul Aug Sep Oct Nov Dec
2019: Jan Feb Mar Apr May Jun Jul Aug Sep Oct Nov Dec
2018: Jan Feb Mar Apr May Jun Jul Aug Sep Oct Nov Dec
Report for 2020 August
Daily noaa report MONTHLY CLIMATOLOGICAL SUMMARY for AUG. 2020 NAME: CITY: STATE: ELEV: LAT: LONG: TEMPERATURE ( °F), RAIN (in.), WIND SPEED (mph) HEAT COOL AVG MEAN DEG DEG WIND DOM DAY TEMP HIGH TIME LOW TIME DAYS DAYS RAIN SPEED HIGH TIME DIR -------------------------------------------------------------------------------------------------------- 01 72.2 079.0 14:17 67.0 06:16 00.0 07.2 00.28 00.6 11.5 16:23 ESE 02 69.8 078.0 17:51 62.1 08:11 00.0 04.8 00.88 02.2 16.1 03:40 SW 03 68.8 080.1 16:21 64.0 05:40 00.0 03.8 00.49 00.9 16.1 16:44 WSW 04 66.3 073.6 15:35 58.7 00:00 00.0 01.3 00.01 00.8 10.3 16:40 NW 05 62.8 072.9 16:20 52.8 07:20 02.2 00.0 00.00 00.5 09.2 11:49 N 06 66.1 076.4 16:37 56.7 01:43 00.0 01.2 00.00 00.6 08.1 16:02 NE 07 67.8 077.9 17:21 58.4 07:29 00.0 02.9 00.00 01.0 11.5 12:36 NNE 08 69.3 083.2 18:22 56.5 07:30 00.0 04.4 00.00 00.3 08.1 15:38 ENE 09 73.1 086.7 17:54 59.8 05:35 00.0 08.2 00.00 00.6 10.3 12:16 SSE 10 73.1 083.7 18:08 65.0 06:50 00.0 08.1 00.47 01.1 19.6 21:42 S 11 72.3 081.8 17:22 66.1 05:15 00.0 07.3 00.12 00.7 11.5 01:04 SW 12 73.1 082.2 16:38 65.4 06:03 00.0 08.1 00.01 00.6 09.2 14:40 NE 13 74.9 084.7 17:49 66.3 06:46 00.0 09.9 00.00 00.7 09.2 15:45 NNE 14 72.6 079.3 17:49 66.3 05:08 00.0 07.6 00.00 00.4 16.1 23:25 N 15 74.0 084.8 17:59 64.5 07:14 00.0 09.0 00.00 00.9 10.3 15:29 N 16 72.8 080.1 16:35 65.8 06:10 00.0 07.9 00.00 01.6 16.1 16:51 N 17 71.2 082.4 18:01 60.8 04:08 00.0 06.3 00.00 00.7 10.3 14:37 NW 18 65.3 072.4 17:57 61.8 11:34 00.0 00.4 00.21 00.5 10.3 11:12 NE 19 65.4 076.4 17:02 55.0 05:45 00.0 00.4 00.00 01.1 11.5 16:22 N 20 66.4 079.1 17:29 55.2 07:09 00.0 01.5 00.00 00.8 09.2 13:43 N 21 68.3 080.1 16:16 56.5 07:17 00.0 03.4 00.00 00.5 10.3 13:15 NE 22 70.7 083.5 15:12 60.9 07:40 00.0 05.8 00.12 00.7 09.2 18:52 NNE 23 72.1 083.6 18:21 63.6 02:51 00.0 07.2 00.01 00.4 06.9 17:24 WNW 24 75.7 085.1 17:17 66.0 05:00 00.0 10.7 00.00 01.7 12.7 15:37 SSW 25 77.0 087.6 16:46 71.7 07:38 00.0 12.1 00.11 01.3 18.4 17:24 WSW 26 77.0 087.0 15:58 68.4 07:59 00.0 12.1 00.00 01.0 11.5 14:55 SW 27 75.0 080.5 13:25 71.9 07:35 00.0 10.1 00.00 01.8 12.7 14:03 SW 28 76.3 082.0 17:43 71.2 00:00 00.0 11.3 00.12 01.0 17.3 13:29 SSW 29 73.6 081.3 15:33 65.9 00:00 00.0 08.6 00.12 01.2 12.7 16:07 WNW 30 66.3 076.8 15:39 53.4 07:26 00.0 01.3 00.00 00.6 08.1 16:35 N 31 69.2 081.5 17:25 59.3 07:35 00.0 04.3 00.00 00.6 11.5 11:10 ESE -------------------------------------------------------------------------------------------------------- 70.9 (71.6) 87.6 day 25 52.8 day 05 002.2 187.3 02.95 00.9 19.6 day 14 NW Max > 86: 3 Min < 86: 31 Max Rain: 0.88 ON 2-08-20 Days of Rain: 13 (> .008in) 10 (> .08in) 1 (> 0.8in)