NOAA-Style Climate Reports
Select a Year or Month report
2024: Jan Feb Mar Apr May Jun Jul Aug Sep Oct Nov Dec
2023: Jan Feb Mar Apr May Jun Jul Aug Sep Oct Nov Dec
2022: Jan Feb Mar Apr May Jun Jul Aug Sep Oct Nov Dec
2021: Jan Feb Mar Apr May Jun Jul Aug Sep Oct Nov Dec
2020: Jan Feb Mar Apr May Jun Jul Aug Sep Oct Nov Dec
2019: Jan Feb Mar Apr May Jun Jul Aug Sep Oct Nov Dec
2018: Jan Feb Mar Apr May Jun Jul Aug Sep Oct Nov Dec
2024: Jan Feb Mar Apr May Jun Jul Aug Sep Oct Nov Dec
2023: Jan Feb Mar Apr May Jun Jul Aug Sep Oct Nov Dec
2022: Jan Feb Mar Apr May Jun Jul Aug Sep Oct Nov Dec
2021: Jan Feb Mar Apr May Jun Jul Aug Sep Oct Nov Dec
2020: Jan Feb Mar Apr May Jun Jul Aug Sep Oct Nov Dec
2019: Jan Feb Mar Apr May Jun Jul Aug Sep Oct Nov Dec
2018: Jan Feb Mar Apr May Jun Jul Aug Sep Oct Nov Dec
Report for 2020 May
Daily noaa report MONTHLY CLIMATOLOGICAL SUMMARY for MAY. 2020 NAME: CITY: STATE: ELEV: LAT: LONG: TEMPERATURE ( °F), RAIN (in.), WIND SPEED (mph) HEAT COOL AVG MEAN DEG DEG WIND DOM DAY TEMP HIGH TIME LOW TIME DAYS DAYS RAIN SPEED HIGH TIME DIR -------------------------------------------------------------------------------------------------------- 01 53.2 066.5 18:13 43.6 06:38 11.8 00.0 00.00 02.5 14.9 13:37 NW 02 66.4 079.9 16:54 52.0 04:41 00.0 01.5 00.00 03.2 20.7 17:21 SW 03 62.0 070.9 02:33 50.8 23:41 02.9 00.0 01.17 01.5 29.9 03:23 NW 04 55.6 064.6 16:06 44.8 06:55 09.4 00.0 00.00 01.5 11.5 22:15 NNE 05 47.7 056.3 00:05 41.0 00:00 17.2 00.0 00.18 04.3 19.6 11:23 ENE 06 46.7 057.1 18:11 38.4 07:13 18.2 00.0 00.00 03.6 19.6 16:49 N 07 52.3 064.6 15:58 37.2 04:54 12.6 00.0 00.00 02.5 20.7 15:07 W 08 47.5 053.8 00:37 34.9 00:00 17.4 00.0 00.06 03.9 24.1 13:56 NW 09 40.0 051.9 18:18 27.2 07:10 24.9 00.0 00.14 02.3 19.6 11:01 WNW 10 48.3 062.8 14:12 38.2 00:41 16.6 00.0 00.02 04.2 32.2 14:53 WSW 11 41.8 046.2 19:22 37.3 05:31 23.1 00.0 00.00 02.7 19.6 02:05 W 12 47.0 058.8 17:45 33.8 06:57 17.9 00.0 00.00 01.2 13.8 16:34 WSW 13 49.1 057.3 14:25 37.7 04:11 15.8 00.0 00.00 03.0 18.4 13:38 SE 14 62.8 077.8 16:13 51.9 02:00 02.1 00.0 00.24 01.9 23.0 15:06 SSW 15 67.5 072.4 10:40 61.1 00:00 00.0 02.5 00.02 03.3 24.1 11:23 SW 16 65.9 074.9 16:06 59.4 04:59 00.0 01.0 00.02 01.2 16.1 18:01 E 17 69.2 078.4 12:55 61.6 06:59 00.0 04.3 00.02 02.5 16.1 12:20 SE 18 61.1 067.1 02:18 57.0 15:58 03.8 00.0 00.00 00.7 10.3 08:09 W 19 58.9 062.7 12:47 55.0 23:58 06.1 00.0 00.02 03.9 23.0 12:36 E 28 67.9 072.6 21:04 54.8 21:02 00.0 03.0 00.01 01.0 13.8 00:18 S 29 65.9 073.3 13:36 60.5 00:00 00.0 01.0 01.13 01.7 16.1 02:32 SW 30 62.5 070.2 16:24 55.4 00:00 02.4 00.0 00.00 02.6 14.9 15:35 NNW 31 60.1 068.4 16:50 52.1 06:18 04.9 00.0 00.00 02.2 13.8 12:48 N -------------------------------------------------------------------------------------------------------- 56.5 (56.4) 79.9 day 02 27.2 day 09 207.3 013.2 03.03 02.5 32.2 day 19 W Min < 86: 23 Max Rain: 1.17 ON 3-05-20 Days of Rain: 12 (> .008in) 5 (> .08in) 2 (> 0.8in)