NOAA-Style Climate Reports
Select a Year or Month report
2024: Jan Feb Mar Apr May Jun Jul Aug Sep Oct Nov Dec
2023: Jan Feb Mar Apr May Jun Jul Aug Sep Oct Nov Dec
2022: Jan Feb Mar Apr May Jun Jul Aug Sep Oct Nov Dec
2021: Jan Feb Mar Apr May Jun Jul Aug Sep Oct Nov Dec
2020: Jan Feb Mar Apr May Jun Jul Aug Sep Oct Nov Dec
2019: Jan Feb Mar Apr May Jun Jul Aug Sep Oct Nov Dec
2018: Jan Feb Mar Apr May Jun Jul Aug Sep Oct Nov Dec
2024: Jan Feb Mar Apr May Jun Jul Aug Sep Oct Nov Dec
2023: Jan Feb Mar Apr May Jun Jul Aug Sep Oct Nov Dec
2022: Jan Feb Mar Apr May Jun Jul Aug Sep Oct Nov Dec
2021: Jan Feb Mar Apr May Jun Jul Aug Sep Oct Nov Dec
2020: Jan Feb Mar Apr May Jun Jul Aug Sep Oct Nov Dec
2019: Jan Feb Mar Apr May Jun Jul Aug Sep Oct Nov Dec
2018: Jan Feb Mar Apr May Jun Jul Aug Sep Oct Nov Dec
Report for 2019 August
Daily noaa report MONTHLY CLIMATOLOGICAL SUMMARY for AUG. 2019 NAME: CITY: STATE: ELEV: LAT: LONG: TEMPERATURE ( °F), RAIN (in.), WIND SPEED (mph) HEAT COOL AVG MEAN DEG DEG WIND DOM DAY TEMP HIGH TIME LOW TIME DAYS DAYS RAIN SPEED HIGH TIME DIR -------------------------------------------------------------------------------------------------------- 01 72.2 083.9 16:51 60.3 04:54 00.0 07.3 00.00 00.7 09.2 17:01 NNE 02 73.2 084.2 16:12 63.1 07:35 00.0 08.3 00.00 00.9 10.3 15:50 NNE 03 70.9 084.5 17:38 58.1 06:41 00.0 05.9 00.00 00.7 09.2 15:43 NNE 04 72.0 086.1 17:47 57.3 07:27 00.0 07.1 00.00 00.5 06.9 17:49 NE 05 74.7 087.8 16:56 61.6 07:19 00.0 09.8 00.00 00.6 11.5 16:32 WNW 06 74.7 085.5 16:39 66.1 05:48 00.0 09.7 00.01 01.4 14.9 16:05 SW 07 73.8 084.3 16:54 64.2 06:31 00.0 08.8 00.00 01.0 11.5 14:56 WNW 08 74.0 086.6 16:16 63.9 05:08 00.0 09.1 00.05 01.5 13.8 20:35 W 09 72.9 082.8 17:07 63.4 00:00 00.0 08.0 00.01 01.0 12.7 15:28 NNW 10 66.0 081.4 16:02 55.0 07:29 00.0 01.1 00.00 00.5 09.2 14:25 N 11 72.8 085.5 18:05 55.3 06:02 00.0 07.8 00.00 00.5 08.1 15:43 SSW 12 72.7 081.7 19:01 63.1 07:05 00.0 07.8 00.00 00.4 09.2 17:47 SSW 13 75.4 084.4 18:07 69.3 06:58 00.0 10.4 00.29 01.3 12.7 13:35 WNW 14 74.4 086.6 17:27 66.6 05:17 00.0 09.5 00.00 00.6 09.2 17:57 NW 15 72.4 082.8 16:46 62.4 05:41 00.0 07.5 00.00 01.1 11.5 15:02 WNW 16 73.0 085.9 17:21 59.8 06:15 00.0 08.1 00.00 00.8 10.3 14:45 WSW 17 75.8 085.5 18:51 65.9 06:43 00.0 10.9 00.00 00.8 12.7 17:59 SSW 18 79.5 090.9 17:58 69.5 06:40 00.0 14.6 00.00 01.7 18.4 21:49 SW 19 77.9 090.7 16:49 67.4 07:26 00.0 12.9 00.59 01.0 18.4 03:06 SW 20 74.2 087.8 12:05 67.6 00:00 00.0 09.3 01.10 00.6 18.4 16:33 SW 21 72.3 082.8 18:00 66.3 01:25 00.0 07.3 00.82 01.2 11.5 15:06 WSW 22 70.7 075.4 15:19 67.2 07:55 00.0 05.8 00.35 00.6 13.8 05:26 WSW 23 68.4 074.6 18:29 59.0 00:00 00.0 03.4 00.04 01.0 11.5 14:07 NE 24 65.1 076.9 17:46 53.6 07:12 00.0 00.2 00.02 01.2 16.1 11:02 ENE 25 67.5 079.2 16:43 56.3 07:18 00.0 02.5 00.00 02.5 12.7 16:47 E 26 68.0 071.0 15:07 63.6 04:36 00.0 03.0 00.96 02.1 12.7 21:03 SE 27 70.6 076.4 19:40 65.5 23:48 00.0 05.7 00.25 00.8 10.3 03:39 SW 28 67.2 076.2 16:32 58.1 00:00 00.0 02.3 00.15 01.5 17.3 15:42 W 29 67.2 080.1 17:26 54.1 06:33 00.0 02.2 00.00 01.5 12.7 17:25 SW 30 72.7 082.5 16:34 65.7 07:47 00.0 07.7 00.00 01.2 09.2 13:36 WSW 31 67.8 072.7 17:44 64.5 06:15 00.0 02.8 00.00 00.9 11.5 15:52 ENE -------------------------------------------------------------------------------------------------------- 71.9 (72.4) 90.9 day 18 53.6 day 24 000.0 216.8 04.64 01.0 18.4 day 19 W Max > 86: 7 Min < 86: 31 Max Rain: 1.10 ON 20-08-19 Days of Rain: 13 (> .008in) 8 (> .08in) 3 (> 0.8in)