NOAA-Style Climate Reports
Select a Year or Month report
2024: Jan Feb Mar Apr May Jun Jul Aug Sep Oct Nov Dec
2023: Jan Feb Mar Apr May Jun Jul Aug Sep Oct Nov Dec
2022: Jan Feb Mar Apr May Jun Jul Aug Sep Oct Nov Dec
2021: Jan Feb Mar Apr May Jun Jul Aug Sep Oct Nov Dec
2020: Jan Feb Mar Apr May Jun Jul Aug Sep Oct Nov Dec
2019: Jan Feb Mar Apr May Jun Jul Aug Sep Oct Nov Dec
2018: Jan Feb Mar Apr May Jun Jul Aug Sep Oct Nov Dec
2024: Jan Feb Mar Apr May Jun Jul Aug Sep Oct Nov Dec
2023: Jan Feb Mar Apr May Jun Jul Aug Sep Oct Nov Dec
2022: Jan Feb Mar Apr May Jun Jul Aug Sep Oct Nov Dec
2021: Jan Feb Mar Apr May Jun Jul Aug Sep Oct Nov Dec
2020: Jan Feb Mar Apr May Jun Jul Aug Sep Oct Nov Dec
2019: Jan Feb Mar Apr May Jun Jul Aug Sep Oct Nov Dec
2018: Jan Feb Mar Apr May Jun Jul Aug Sep Oct Nov Dec
Report for 2019 June
Daily noaa report MONTHLY CLIMATOLOGICAL SUMMARY for JUN. 2019 NAME: CITY: STATE: ELEV: LAT: LONG: TEMPERATURE ( °F), RAIN (in.), WIND SPEED (mph) HEAT COOL AVG MEAN DEG DEG WIND DOM DAY TEMP HIGH TIME LOW TIME DAYS DAYS RAIN SPEED HIGH TIME DIR -------------------------------------------------------------------------------------------------------- 01 69.1 079.8 16:23 57.9 07:01 00.0 04.1 00.01 01.2 12.7 17:13 SSW 02 69.0 075.6 12:55 58.1 00:00 00.0 04.0 00.00 02.8 16.1 16:41 NW 03 60.7 074.2 17:52 45.2 06:14 04.3 00.0 00.00 00.7 09.2 16:17 NNW 04 66.6 077.8 16:42 54.1 04:34 00.0 01.7 00.00 01.4 13.8 12:52 SSE 05 70.2 083.6 17:20 65.0 00:02 00.0 05.2 00.09 02.6 26.4 17:47 SW 06 72.9 082.8 18:29 64.8 04:59 00.0 08.0 00.01 00.8 10.3 14:37 ENE 07 71.4 078.9 15:51 63.5 06:45 00.0 06.5 00.00 01.5 16.1 14:39 ENE 08 69.7 073.3 13:09 66.5 06:46 00.0 04.8 00.01 04.0 17.3 12:40 E 09 69.2 077.4 18:10 65.3 05:58 00.0 04.2 01.57 04.6 14.9 18:14 E 10 67.0 072.7 11:39 56.4 00:00 00.0 02.1 00.21 03.1 19.6 16:13 NNW 11 62.1 074.6 17:33 47.3 06:38 02.8 00.0 00.00 01.1 12.7 15:23 E 12 64.1 075.5 15:35 51.5 05:36 00.8 00.0 00.01 01.6 13.8 11:24 SE 13 58.0 064.3 15:56 49.1 00:00 07.0 00.0 00.10 03.2 28.8 16:05 W 14 61.2 073.5 17:36 48.4 04:58 03.7 00.0 00.06 01.8 13.8 16:50 SW 15 65.1 069.5 20:19 59.1 07:31 00.0 00.2 01.73 01.4 11.5 22:37 SSW 16 70.4 079.0 16:55 64.6 08:09 00.0 05.5 01.56 02.2 14.9 14:02 SW 17 69.2 079.7 16:11 64.9 23:17 00.0 04.3 00.96 00.8 16.1 18:00 SSW 18 69.4 076.0 13:33 64.0 04:25 00.0 04.5 00.44 00.4 10.3 12:20 WSW 19 70.2 080.4 15:08 65.9 04:53 00.0 05.3 00.71 00.7 12.7 17:06 SSE 20 67.3 071.0 12:17 63.8 15:15 00.0 02.4 00.02 02.7 20.7 17:03 WSW 21 68.2 077.1 16:39 60.6 07:15 00.0 03.2 00.00 01.0 11.5 21:08 SSE 22 67.3 073.4 17:39 62.6 00:00 00.0 02.4 00.00 02.9 13.8 13:46 ESE 23 67.7 080.9 16:04 59.6 05:02 00.0 02.7 00.26 02.7 18.4 10:26 ESE 24 69.5 073.8 19:42 64.9 06:02 00.0 04.5 00.40 01.8 13.8 16:01 SSW 25 72.0 081.4 17:42 61.8 06:42 00.0 07.1 00.01 01.8 11.5 17:19 SW 26 76.0 087.7 18:20 64.6 06:40 00.0 11.0 00.00 01.2 11.5 15:19 SW 27 77.4 086.2 15:47 70.0 06:50 00.0 12.5 00.00 00.9 16.1 13:29 SSW 28 77.8 088.4 17:48 66.5 06:43 00.0 12.9 00.00 00.9 11.5 14:49 SSW 29 78.4 088.4 17:51 67.4 06:43 00.0 13.5 00.00 01.1 10.3 22:31 WSW -------------------------------------------------------------------------------------------------------- 68.9 (69.1) 88.4 day 29 45.2 day 03 018.6 132.3 08.16 01.8 28.8 day 05 S Max > 86: 4 Min < 86: 29 Max Rain: 1.73 ON 15-06-19 Days of Rain: 18 (> .008in) 11 (> .08in) 4 (> 0.8in)