NOAA-Style Climate Reports
Select a Year or Month report
2024: Jan Feb Mar Apr May Jun Jul Aug Sep Oct Nov Dec
2023: Jan Feb Mar Apr May Jun Jul Aug Sep Oct Nov Dec
2022: Jan Feb Mar Apr May Jun Jul Aug Sep Oct Nov Dec
2021: Jan Feb Mar Apr May Jun Jul Aug Sep Oct Nov Dec
2020: Jan Feb Mar Apr May Jun Jul Aug Sep Oct Nov Dec
2019: Jan Feb Mar Apr May Jun Jul Aug Sep Oct Nov Dec
2018: Jan Feb Mar Apr May Jun Jul Aug Sep Oct Nov Dec
2024: Jan Feb Mar Apr May Jun Jul Aug Sep Oct Nov Dec
2023: Jan Feb Mar Apr May Jun Jul Aug Sep Oct Nov Dec
2022: Jan Feb Mar Apr May Jun Jul Aug Sep Oct Nov Dec
2021: Jan Feb Mar Apr May Jun Jul Aug Sep Oct Nov Dec
2020: Jan Feb Mar Apr May Jun Jul Aug Sep Oct Nov Dec
2019: Jan Feb Mar Apr May Jun Jul Aug Sep Oct Nov Dec
2018: Jan Feb Mar Apr May Jun Jul Aug Sep Oct Nov Dec
Report for 2018 August
Daily noaa report MONTHLY CLIMATOLOGICAL SUMMARY for AUG. 2018 NAME: CITY: STATE: ELEV: LAT: LONG: TEMPERATURE ( °F), RAIN (in.), WIND SPEED (mph) HEAT COOL AVG MEAN DEG DEG WIND DOM DAY TEMP HIGH TIME LOW TIME DAYS DAYS RAIN SPEED HIGH TIME DIR -------------------------------------------------------------------------------------------------------- 01 68.3 076.9 17:32 64.3 06:36 00.0 03.4 00.41 00.6 05.8 17:10 W 02 71.2 081.4 18:20 60.7 07:20 00.0 06.3 00.00 00.7 11.5 16:08 S 03 73.3 083.9 16:21 61.6 06:07 00.0 08.4 00.00 01.2 10.3 17:20 SSW 04 77.5 087.7 17:15 69.0 07:17 00.0 12.6 00.00 01.0 09.2 17:01 SW 05 77.9 089.2 15:18 53.8 22:04 00.0 13.0 00.00 00.9 09.2 12:18 SSW 06 78.0 087.5 17:48 47.0 02:00 00.0 13.1 00.00 01.7 16.1 14:43 SW 07 75.3 084.7 15:34 67.0 06:52 00.0 10.4 01.64 01.8 20.7 03:20 SW 08 74.2 083.5 17:41 68.0 23:49 00.0 09.3 00.13 01.3 16.1 19:34 SW 09 72.9 082.1 15:21 64.0 07:08 00.0 08.0 00.01 00.7 09.2 13:43 W 10 74.6 085.4 16:49 66.2 05:15 00.0 09.7 00.04 00.5 06.9 17:44 WSW 11 73.6 082.5 14:01 49.9 21:01 00.0 08.6 00.01 01.0 12.7 22:41 NE 12 71.1 082.1 16:17 60.6 07:08 00.0 06.2 00.01 00.7 11.5 17:20 NNE 13 71.0 082.4 16:44 40.4 20:44 00.0 06.0 00.00 00.8 10.3 14:28 NW 14 71.7 084.5 16:09 59.3 05:55 00.0 06.7 00.00 00.6 08.1 11:37 NNW 15 70.9 079.4 12:23 66.0 00:00 00.0 06.0 00.49 01.1 11.5 22:23 S 16 70.9 078.5 17:50 65.9 00:22 00.0 06.0 00.62 01.7 13.8 14:35 S 17 72.9 078.0 17:11 68.5 09:14 00.0 08.0 00.91 00.8 12.7 09:01 SSW 18 72.8 081.0 15:22 68.3 23:32 00.0 07.9 00.97 00.9 10.3 16:21 NNW 19 73.2 084.0 17:09 63.8 07:16 00.0 08.2 00.03 00.4 08.1 17:13 NE 20 71.8 081.7 14:02 64.9 07:12 00.0 06.9 00.86 01.6 13.8 12:40 ESE 21 72.0 079.2 17:35 68.4 00:00 00.0 07.1 01.14 02.4 17.3 19:16 SW 22 66.8 072.8 17:49 57.7 00:00 00.0 01.8 00.01 02.6 17.3 13:43 NNW 23 63.2 077.5 18:01 50.3 07:40 01.7 00.0 00.00 00.6 09.2 15:52 NNW 24 60.1 070.1 20:05 53.3 20:02 04.8 00.0 00.00 00.2 11.5 20:29 SW 25 69.9 077.6 17:11 65.8 07:23 00.0 05.0 00.60 01.8 20.7 11:23 S 26 78.4 087.8 17:28 69.8 01:08 00.0 13.5 00.00 02.1 14.9 10:35 SW 27 82.8 087.8 16:13 73.3 00:00 00.0 17.9 00.00 02.2 14.9 12:40 SSW 28 79.4 088.3 17:27 71.8 07:20 00.0 14.4 00.00 01.8 14.9 13:22 SSW 29 75.7 085.5 16:10 69.3 23:49 00.0 10.8 00.09 01.5 16.1 12:49 SW 30 71.8 081.6 17:30 66.5 00:00 00.0 06.9 00.00 00.8 09.2 08:47 NNW 31 72.4 085.5 15:11 61.8 05:43 00.0 07.5 00.50 00.8 18.4 22:10 E -------------------------------------------------------------------------------------------------------- 72.8 (72.4) 89.2 day 05 40.4 day 13 006.5 249.5 08.47 01.2 20.7 day 31 WSW Max > 86: 6 Min < 86: 31 Max Rain: 1.64 ON 7-08-18 Days of Rain: 18 (> .008in) 12 (> .08in) 5 (> 0.8in)