NOAA-Style Climate Reports
Select a Year or Month report
2024: Jan Feb Mar Apr May Jun Jul Aug Sep Oct Nov Dec
2023: Jan Feb Mar Apr May Jun Jul Aug Sep Oct Nov Dec
2022: Jan Feb Mar Apr May Jun Jul Aug Sep Oct Nov Dec
2021: Jan Feb Mar Apr May Jun Jul Aug Sep Oct Nov Dec
2020: Jan Feb Mar Apr May Jun Jul Aug Sep Oct Nov Dec
2019: Jan Feb Mar Apr May Jun Jul Aug Sep Oct Nov Dec
2018: Jan Feb Mar Apr May Jun Jul Aug Sep Oct Nov Dec
2024: Jan Feb Mar Apr May Jun Jul Aug Sep Oct Nov Dec
2023: Jan Feb Mar Apr May Jun Jul Aug Sep Oct Nov Dec
2022: Jan Feb Mar Apr May Jun Jul Aug Sep Oct Nov Dec
2021: Jan Feb Mar Apr May Jun Jul Aug Sep Oct Nov Dec
2020: Jan Feb Mar Apr May Jun Jul Aug Sep Oct Nov Dec
2019: Jan Feb Mar Apr May Jun Jul Aug Sep Oct Nov Dec
2018: Jan Feb Mar Apr May Jun Jul Aug Sep Oct Nov Dec
Report for 2018 July
Daily noaa report MONTHLY CLIMATOLOGICAL SUMMARY for JUL. 2018 NAME: CITY: STATE: ELEV: LAT: LONG: TEMPERATURE ( °F), RAIN (in.), WIND SPEED (mph) HEAT COOL AVG MEAN DEG DEG WIND DOM DAY TEMP HIGH TIME LOW TIME DAYS DAYS RAIN SPEED HIGH TIME DIR -------------------------------------------------------------------------------------------------------- 17 82.0 091.4 17:01 70.5 06:51 00.0 17.0 00.00 01.1 10.3 16:31 WSW 18 80.8 089.7 17:31 71.2 05:51 00.0 15.9 00.00 01.7 16.1 13:41 WSW 19 80.3 089.1 17:31 72.0 00:00 00.0 15.4 00.03 02.3 16.1 15:11 WSW 20 75.8 084.0 16:21 69.5 07:11 00.0 10.9 00.01 01.6 11.5 18:41 WSW 21 71.3 074.3 18:41 69.5 23:31 00.0 06.4 01.14 00.8 10.3 09:21 SSW 22 68.8 075.5 12:31 64.6 07:01 00.0 03.8 00.72 01.3 11.5 14:01 SW 23 69.2 075.0 17:31 64.7 06:51 00.0 04.3 00.00 01.9 12.7 16:31 SW 24 71.8 081.0 19:21 62.7 06:51 00.0 06.9 00.00 01.3 11.5 12:21 W 25 68.1 073.2 18:51 64.6 03:31 00.0 03.2 00.01 02.4 11.5 19:31 E 26 67.8 073.9 12:01 64.8 06:21 00.0 02.9 00.88 02.6 24.1 12:51 SE 27 72.1 080.2 16:51 66.8 05:41 00.0 07.1 00.04 02.7 19.6 09:11 SW 28 74.8 084.9 18:51 65.9 06:01 00.0 09.8 00.00 00.7 06.9 18:11 W 29 76.8 087.8 18:31 65.3 06:21 00.0 11.8 00.00 01.2 11.5 15:01 SSW 30 71.8 089.9 18:01 55.7 06:34 00.0 06.8 00.71 01.3 16.1 15:00 NW -------------------------------------------------------------------------------------------------------- 73.7 (74.2) 91.4 day 17 55.7 day 28 000.0 122.3 02.00 01.6 24.2 day 20 WSW Max > 86: 5 Min < 86: 14 Max Rain: 1.14 ON 21-07-18 Days of Rain: 8 (> .008in) 4 (> .08in) 2 (> 0.8in)